 791?
113
What is the highest common factor of 3653212 and 438?
146
Calculate the greatest common factor of 846 and 28432086.
282
Calculate the greatest common divisor of 430020721 and 26.
13
What is the highest common divisor of 29819377 and 238?
119
Calculate the greatest common divisor of 3810643 and 13.
1
What is the highest common factor of 601114 and 72?
2
Calculate the highest common divisor of 1424 and 35790371.
89
What is the highest common divisor of 8556182 and 7?
1
What is the greatest common divisor of 607963363 and 7?
7
Calculate the highest common factor of 471149 and 266.
7
What is the highest common factor of 9339990 and 825?
165
What is the highest common divisor of 7056657 and 1159?
19
Calculate the highest common factor of 993998493 and 27.
27
Calculate the highest common divisor of 4531186 and 1342.
22
What is the highest common divisor of 3640325 and 9775?
575
What is the highest common divisor of 118 and 3647911?
59
Calculate the highest common divisor of 734677520 and 848.
848
What is the greatest common divisor of 153405014 and 1988?
994
What is the highest common factor of 6534187 and 65373?
3113
Calculate the greatest common factor of 1116 and 246809910.
186
What is the greatest common divisor of 40794101 and 17?
17
What is the greatest common divisor of 57 and 1910154075?
57
Calculate the highest common divisor of 10 and 21414265.
5
Calculate the highest common divisor of 30576 and 32136.
312
What is the highest common divisor of 25245 and 10319265?
1485
What is the highest common factor of 4473203 and 4543?
413
What is the highest common divisor of 741 and 472775043?
741
What is the greatest common divisor of 4621175 and 42175?
6025
What is the highest common factor of 1300 and 34285050?
50
What is the highest common factor of 60 and 34917540?
60
What is the greatest common divisor of 1418810 and 954?
106
Calculate the greatest common divisor of 23446 and 2687652.
1234
Calculate the highest common divisor of 2717 and 617496.
11
What is the highest common factor of 130680675 and 675?
675
What is the highest common divisor of 18984772 and 2830?
566
Calculate the greatest common factor of 308342 and 658813.
151
What is the greatest common divisor of 3556558 and 18?
2
What is the greatest common factor of 772936934 and 826?
826
What is the highest common divisor of 84364775 and 275?
275
What is the greatest common divisor of 65056 and 5992?
856
Calculate the highest common factor of 4653073 and 14749.
43
Calculate the highest common factor of 54813 and 585.
3
What is the highest common divisor of 12623618 and 1778?
14
What is the greatest common divisor of 950 and 303910?
10
Calculate the greatest common factor of 17065 and 83441024.
3413
What is the greatest common divisor of 43429890 and 2190?
2190
Calculate the highest common divisor of 1503 and 17318067.
501
What is the greatest common divisor of 1714293 and 4158?
63
What is the greatest common factor of 1746 and 27063873?
873
What is the greatest common factor of 34 and 3073583?
17
Calculate the highest common factor of 188526 and 54.
6
Calculate the greatest common factor of 856 and 9588698.
214
Calculate the highest common factor of 30866 and 277574.
22
Calculate the highest common divisor of 109649 and 5017.
29
What is the highest common divisor of 1540 and 221540?
220
What is the greatest common factor of 12 and 137477598?
6
What is the highest common divisor of 242317 and 663107?
1451
Calculate the highest common divisor of 33810 and 19837454.
2254
What is the greatest common divisor of 1800 and 11681100?
900
Calculate the highest common factor of 2089595 and 145.
145
Calculate the highest common factor of 567720 and 490.
10
Calculate the highest common factor of 1407 and 3279.
3
Calculate the highest common divisor of 72298 and 14134.
74
What is the greatest common factor of 95 and 32319855?
95
Calculate the highest common divisor of 133715 and 1715.
5
Calculate the greatest common divisor of 175842 and 5922.
18
Calculate the greatest common divisor of 8690 and 5857170.
110
What is the highest common factor of 511839 and 8804592?
2403
What is the highest common divisor of 98262 and 955431?
477
What is the greatest common factor of 1855 and 148375?
5
What is the highest common factor of 328 and 85377908?
164
Calculate the greatest common divisor of 2332203 and 10869879.
8241
What is the highest common divisor of 1629550 and 506414?
5014
Calculate the highest common divisor of 258419 and 131789.
469
What is the greatest common divisor of 483016 and 1386768?
1384
Calculate the greatest common divisor of 1490 and 2105100.
10
Calculate the greatest common divisor of 1931054 and 54946.
662
Calculate the highest common divisor of 1440 and 18774520.
40
Calculate the highest common divisor of 112719222 and 693.
693
What is the highest common divisor of 379 and 86278592?
379
Calculate the greatest common divisor of 11844 and 3381039.
423
What is the greatest common factor of 2528 and 11169?
1
What is the highest common factor of 8761590 and 180?
90
What is the highest common factor of 179655 and 76781125?
8555
What is the greatest common factor of 160 and 18030?
10
Calculate the highest common divisor of 150648 and 19050695.
6277
Calculate the greatest common divisor of 224397 and 53649.
27
Calculate the greatest common factor of 199 and 34514759.
199
Calculate the greatest common factor of 212458640 and 145.
145
Calculate the greatest common divisor of 378 and 217561626.
54
What is the highest common factor of 18725108 and 35150?
1406
Calculate the greatest common divisor of 46098 and 13962.
78
What is the highest common factor of 253 and 1922558?
11
Calculate the highest common factor of 31087760 and 240.
80
Calculate the greatest common factor of 19485213 and 51.
51
What is the highest common divisor of 68365934 and 29?
29
What is the greatest common divisor of 39816 and 2770712?
56
What is the greatest common factor of 14933862 and 216?
54
Calculate the greatest common factor of 20976 and 82773044.
1748
What is the highest common divisor of 27017860 and 20?
20
What is the highest common divisor of 24112 and 19017792?
2192
Calculate the highest common divisor of 251 and 21201468.
251
Calculate the highest common divisor of 2115 and 59603943.
141
What is the highest common factor of 246584804 and 4?
4
What is the greatest common factor of 15178 and 8576?
2
What is the highest common divisor of 22989352 and 496?
248
What is the highest common divisor of 17145920 and 86240?
1760
Calculate the highest common divisor of 12 and 1582365132.
12
Calculate the greatest common factor of 733914531 and 393.
393
Calculate the highest common divisor of 1616316 and 26364.
2028
What is the greatest common factor of 10465 and 59580235?
1495
What is the highest common divisor of 2985 and 922763?
199
What is the highest common divisor of 900 and 8908700?
100
What is the greatest common factor of 132888 and 25764?
1356
What is the highest common divisor of 40 and 2498456?
8
What is the highest common divisor of 173194 and 210574?
1246
Calculate the highest common factor of 5454 and 7187058.
18
Calculate the highest common divisor of 337566 and 65532.
762
Calculate the highest common divisor of 8158752 and 243.
27
Calculate the greatest common divisor of 28431 and 27963.
117
Calculate the highest common factor of 197105244 and 98.
98
Calculate the greatest common divisor of 12504 and 16392.
24
What is the highest common factor of 8549192 and 8143?
479
What is the highest common factor of 4356 and 1921656?
132
Calculate the highest common divisor of 55936332 and 324.
324
What is the greatest common divisor of 4192 and 3804896?
32
Calculate the greatest common divisor of 88844 and 108768436.
4676
What is the greatest common factor of 362952 and 6712?
8
What is the greatest common factor of 9175 and 4787515?
1835
What is the greatest common factor of 223791472 and 32?
16
What is the greatest common divisor of 17469 and 467781?
1941
Calculate the greatest common divisor of 102752 and 2032316.
988
What is the greatest common divisor of 449 and 57766993?
449
What is the greatest common factor of 301 and 275863?
7
Calculate the highest common divisor of 1170 and 102820.
10
Calculate the h